2 - 2*b + 2 - 4*b**2 + 2*b**2 + 3*b. Let j be i(-1). What is the units digit of j/5 - 235/(-25)?
9
Suppose -f = -0*y + 2*y - 20, 5*f - 122 = y. What is the tens digit of (-207 + f)*1/(-3)?
6
Let g(z) = -z**3 + 10*z**2 - 10*z + 12. Let u be g(9). Suppose -3*v + 7*v - 16 = 0. Suppose -5*r + u = -4*m, 5*r = v*m + r. What is the units digit of m?
3
Suppose 5*m - 888 = -m. What is the tens digit of m?
4
Let f(i) = -i**3 + 26*i**2 - 53*i - 11. What is the tens digit of f(23)?
5
Suppose -5*d = -2*d + 21. Let y = 7 + d. Suppose 3*b - 4 = -z, -b = -2*z + 22 - y. What is the units digit of z?
0
Let k(n) = 5*n + 14. Let a be k(-6). Let d = 2 + a. What is the units digit of (-384)/(-28) - 4/d?
4
Let z(g) = -23*g - 21. Let b(j) = -68*j - 62. Let r(a) = 3*b(a) - 8*z(a). What is the hundreds digit of r(-8)?
1
Suppose 3399 = 3*u - 2*y, 10*y + 1133 = u + 7*y. What is the units digit of u?
3
Suppose 12*h - 448 = 11*h + 2*d, 0 = -2*h - 2*d + 920. What is the tens digit of h?
5
Let r(g) = -g - 7. Let w(p) = 2*p + 15. Let q(c) = -7*r(c) - 3*w(c). Let t be q(-4). Suppose s - 2 = t, -3*k - 2*s + 3*s = -1. What is the units digit of k?
1
Let i(s) = 1063*s**2 + 2*s. What is the units digit of i(-1)?
1
Suppose 0 = -7*y + 4*y + 192. Let l be 2 + y/4 - 1. Let f = l + 2. What is the units digit of f?
9
Let p = 17 + -13. Suppose -p*d - d - 25 = -3*f, -5*f - 20 = 4*d. Suppose f = a + 4*a - 5. What is the units digit of a?
1
Let a(d) = -17*d**3 + 3*d**2 + 12*d + 40. What is the thousands digit of a(-6)?
3
Let w be (-12)/(-14)*252/27. Suppose -w*h + 2223 = 5*h. What is the hundreds digit of h?
1
Let z(y) = -372*y - 19. What is the units digit of z(-3)?
7
Let g = 16 + -17. Let p be g - -5 - (-3 - -2). Suppose -94 = -5*c - h, -h - p = 4*h. What is the units digit of c?
9
Let o(s) = -s + 2. Let x be o(12). Let u = x + 14. Suppose u*g - 110 = -10. What is the units digit of g?
5
Let o be 13419/18 + (-10)/4. Suppose 7*a - 5*a = -c + 373, 4*a + 3*c - o = 0. What is the tens digit of a?
8
Let u = 17 + -3. Let q be (-4)/u + 3730/70. Suppose h + 27 = 2*i, -4*i - 4*h - q = -7*i. What is the tens digit of i?
1
Suppose -u = 4*u - 30. Suppose u = 13*z - 12*z. Suppose -z*h + 86 = -4*h. What is the tens digit of h?
4
Let b(c) = 3*c**2 + 32*c - 112. What is the tens digit of b(-24)?
4
Let a(g) = g**2 + g + 3. Let r be a(0). Suppose -4*x = 4*y + 1 - 365, r*x = -2*y + 269. Suppose -6*v = -3*v - x. What is the tens digit of v?
2
Let r = -74 + 88. Let g(t) = 131*t + 1. Let o be g(1). What is the units digit of (-4)/r + o/21?
6
Let w(y) = 19*y**2 + y + 1. Let r be w(-2). Suppose r = 3*u - 5*f, -u = -6*u - f + 97. Suppose 0*m = -5*m + u. What is the units digit of m?
4
Let o(h) = -h**2 - 5*h - 4. Let l be o(-3). Suppose -2*x + 4*x = -l, -4*c + 255 = x. What is the units digit of c?
4
Let c(p) = -3*p + 7. Let i be c(4). What is the tens digit of i + 3 + (47 - 1)?
4
Let d = 27 - -56. Suppose -o - 25 = -d. What is the tens digit of o?
5
Suppose -2*z - 489 + 111 = -y, -1540 = -4*y + z. What is the hundreds digit of y?
3
Suppose -x - x - 2*l = 2, -2*x = -3*l + 2. What is the units digit of x - 3/((-9)/681) - -3?
9
Suppose -s + 13 = 17, -2*s = 2*v - 6048. What is the units digit of v?
8
Let h be 75 - 1*(0 + -3). Let s = -46 + h. What is the tens digit of s?
3
Let c(t) = -t**3 - 5*t**2 + 5*t - 3. Let f be c(-6). Let v(z) = z. Let p(l) = 3. Let r(j) = 3*p(j) + 4*v(j). What is the units digit of r(f)?
1
Let x = -24 - -26. Suppose 4*f = -r - 101 + 544, 0 = 4*f - x*r - 434. What is the hundreds digit of f?
1
Let i(v) = -468*v**3 + v + 1. Let n be i(-1). Suppose 0 = -2*c - c + n. Suppose 4*m + 5*h = c, -2*h = -5*m + 3*h + 195. What is the tens digit of m?
3
Let a = -196 + 378. Suppose a = 5*r - 68. Suppose -2*d + 4 = -r. What is the tens digit of d?
2
Let c(o) = 9*o**2 + 15*o + 94. What is the tens digit of c(-6)?
2
Let x(w) = w + 3*w**2 - 6*w - 1 + 2*w - 9. What is the units digit of x(7)?
6
Suppose -29*p - 2686 + 27713 = 0. What is the tens digit of p?
6
Suppose 0 = 4*q + 5 - 21. What is the tens digit of q/10 + 1059/15?
7
Let o(a) = 2*a**2 - 22*a - 316. What is the tens digit of o(31)?
2
Suppose -153 = -3*c + g, 2*c - 13*g = -17*g + 88. What is the units digit of c?
0
Let d(s) = s**2 + 7*s - 7. Let f be d(-11). Let v = f + -32. What is the units digit of v?
5
Let v = 77 - 81. What is the units digit of (-93)/(-1) + 0 + 12/v?
0
Suppose 81 - 27 = -y. Let p(a) = 79*a**3 - 6*a**2 + 3*a + 2. Let d be p(1). Let c = y + d. What is the tens digit of c?
2
What is the units digit of ((-113)/(-2))/(-1 - 12/(-8))?
3
Let z(r) = 139*r**3 - r**2 + 1. Let d be z(1). Let c = d + -96. Let j = -24 + c. What is the units digit of j?
9
Suppose -3*y = 4*h - 7, 0 = 4*h + 4*y + 10 - 18. What is the units digit of h?
1
Let c(o) = 276*o. Let k be c(-2). Let a = 216 + k. What is the units digit of a/(-10) - (-20)/50?
4
Suppose 2*q - 2*b = b - 32, 0 = q + b + 21. What is the tens digit of (q/3)/(10/(-30))?
1
Let y = 1941 - 1171. What is the tens digit of y?
7
Let t(f) = 59*f - 176. What is the tens digit of t(12)?
3
Let z be -4 - 12/2*20/(-30). Let i(y) = y**2 - 4*y + 78. What is the tens digit of i(z)?
7
Suppose 1623 = 4*k + 3*g, k - 3*g + 399 = 2*k. What is the tens digit of k?
0
Let j(l) = 2*l + 21. Let i be j(-12). What is the tens digit of 1*(-3)/i - -42?
4
Suppose 53*a - 48*a - 2940 = 0. What is the units digit of a?
8
What is the thousands digit of (-6)/18 - 4162*(-3)/9?
1
Let t(j) = -j**2 - j + 4. Let h be t(-7). Let i = 171 + -118. Let b = i + h. What is the tens digit of b?
1
Let i = 32 - -182. What is the hundreds digit of i?
2
Let l = 287 + -146. What is the hundreds digit of l + 0*(-3)/(-15)?
1
Suppose -13 = -2*n + 3*y, -5*n + 10*n - 3*y - 28 = 0. Suppose -2*u + 12 = 2*s + 2*s, 15 = n*s + 4*u. Suppose -s*d - d = -172. What is the units digit of d?
3
Let q(v) = -8 + 42*v - 4 - 17. What is the hundreds digit of q(7)?
2
Let l(j) = -36*j + 9. Let t(b) = 37*b - 8. Let n(g) = 6*l(g) + 5*t(g). What is the hundreds digit of n(-3)?
1
Let c(r) = r**2 + 18*r - 46. Let z(l) = l**3 + 2*l**2 - 23. Let v be z(0). What is the units digit of c(v)?
9
Suppose 5*o + 2*l = 2*o - 8, l = -o - 2. What is the units digit of (-2 - -2)/(o + 1) - -45?
5
Suppose -3*v - 12 = 0, -o - 5*v - 5 = -3. Let h(m) = -m**2 + 18*m + 20. What is the tens digit of h(o)?
2
Suppose 243 = 3*t - 3*x, 2*x - 5*x = -t + 75. What is the tens digit of t?
8
Suppose 2*y - 4 = 3*y, y = -3*n + 11. Let i(l) = 58*l + 8. What is the tens digit of i(n)?
9
Let h be (12/(-7))/(5/70). Let l be (3/(-2))/((-18)/h). What is the tens digit of l + 4 + (19 - -1)?
2
Suppose -4*y - y + 821 = 3*n, 0 = -4*n + 8. Let u = y - 62. What is the units digit of u?
1
Let s(w) = -2*w - 5. Let x be s(-5). Suppose 0 = -9*u + 4*u - 5, -v + x*u = -17. Let b = v - -23. What is the tens digit of b?
3
Let g(l) = l**3 - 2*l - 1. Let h be g(-2). Let m = 34 + h. What is the tens digit of m?
2
Let r(b) = 2*b**3 + 14*b**2 + 11. Let s be r(-7). Suppose -c - 5*i + 10 = -s, -3*i + 56 = 2*c. What is the units digit of c?
1
What is the tens digit of (1/5)/((-63)/(-99855))?
1
Suppose -2*d + 1732 = 3*k, -d - 2*k + 168 + 700 = 0. What is the units digit of d?
0
Let q = 93 - 36. Let b = -18 + q. What is the units digit of b?
9
Let c(g) = 27*g - 68. What is the units digit of c(4)?
0
Let h = 3 + 11. Let a be 66/8 + (-45)/180. Let y = h - a. What is the units digit of y?
6
Let k(c) = 10*c**2 - c + 6. Let b be 325/(-130)*(-1 - 6/10). What is the hundreds digit of k(b)?
1
Suppose 0 = -2*h - 0*h, 4 = 2*m - 3*h. Let p(s) = -3*s - 18 + 7*s + m*s. What is the units digit of p(13)?
0
Suppose 2*t - t - 9 = -4*g, -4*g + 7 = -t. Suppose -2*y + 28 = -2*q - 10, 4*q = 16. What is the units digit of (y/t)/1 - -1?
4
Suppose 4*p = -4 - 4. Let x(t) = 11*t + 3. Let r be x(p). What is the tens digit of 0 - 3 - (r + 1)?
1
Let d(w) = 71*w - 239. What is the tens digit of d(8)?
2
Let m = -1 + -2. Let q = 23 + m. Let u = q - 9. What is the tens digit of u?
1
Suppose -12*n + 13*n - 10 = 0. Suppose -5*g + n = -0*g. Suppose g*o = 69 + 17. What is the units digit of o?
3
Let k(j) = j**3 + 7*j**2 - 7*j - 4. Let h be k(-6). Let p = -40 + h. What is the tens digit of p?
3
Let u = -109 + 108. What is the tens digit of (-48356)/(-224) - u/8?
1
Suppos